{"version":"1.0","provider_name":"Hotel El Palmeral","provider_url":"https:\/\/hotelpalmeral.com\/fr","author_name":"admin_palmeral","author_url":"https:\/\/hotelpalmeral.com\/fr\/author\/admin_palmeral\/","title":"Tiempo en Benidorm s\u00e1bado 13 de agosto - Hotel El Palmeral","type":"rich","width":600,"height":338,"html":"<blockquote class=\"wp-embedded-content\" data-secret=\"JUiIZgiBn8\"><a href=\"https:\/\/hotelpalmeral.com\/fr\/tiempo-en-benidorm-sabado-13-de-agosto\/\">Tiempo en Benidorm s\u00e1bado 13 de agosto<\/a><\/blockquote><iframe sandbox=\"allow-scripts\" security=\"restricted\" src=\"https:\/\/hotelpalmeral.com\/fr\/tiempo-en-benidorm-sabado-13-de-agosto\/embed\/#?secret=JUiIZgiBn8\" width=\"600\" height=\"338\" title=\"\u00ab\u00a0Tiempo en Benidorm s\u00e1bado 13 de agosto\u00a0\u00bb &#8212; Hotel El Palmeral\" data-secret=\"JUiIZgiBn8\" frameborder=\"0\" marginwidth=\"0\" marginheight=\"0\" scrolling=\"no\" class=\"wp-embedded-content\"><\/iframe><script type=\"text\/javascript\">\n\/* <![CDATA[ *\/\n\/*! This file is auto-generated *\/\n!function(d,l){\"use strict\";l.querySelector&&d.addEventListener&&\"undefined\"!=typeof URL&&(d.wp=d.wp||{},d.wp.receiveEmbedMessage||(d.wp.receiveEmbedMessage=function(e){var t=e.data;if((t||t.secret||t.message||t.value)&&!\/[^a-zA-Z0-9]\/.test(t.secret)){for(var s,r,n,a=l.querySelectorAll('iframe[data-secret=\"'+t.secret+'\"]'),o=l.querySelectorAll('blockquote[data-secret=\"'+t.secret+'\"]'),c=new RegExp(\"^https?:$\",\"i\"),i=0;i<o.length;i++)o[i].style.display=\"none\";for(i=0;i<a.length;i++)s=a[i],e.source===s.contentWindow&&(s.removeAttribute(\"style\"),\"height\"===t.message?(1e3<(r=parseInt(t.value,10))?r=1e3:~~r<200&&(r=200),s.height=r):\"link\"===t.message&&(r=new URL(s.getAttribute(\"src\")),n=new URL(t.value),c.test(n.protocol))&&n.host===r.host&&l.activeElement===s&&(d.top.location.href=t.value))}},d.addEventListener(\"message\",d.wp.receiveEmbedMessage,!1),l.addEventListener(\"DOMContentLoaded\",function(){for(var e,t,s=l.querySelectorAll(\"iframe.wp-embedded-content\"),r=0;r<s.length;r++)(t=(e=s[r]).getAttribute(\"data-secret\"))||(t=Math.random().toString(36).substring(2,12),e.src+=\"#?secret=\"+t,e.setAttribute(\"data-secret\",t)),e.contentWindow.postMessage({message:\"ready\",secret:t},\"*\")},!1)))}(window,document);\n\/\/# sourceURL=https:\/\/hotelpalmeral.com\/wp-includes\/js\/wp-embed.min.js\n\/* ]]> *\/\n<\/script>","description":"Qu\u00e9 tiempo hace en Benidorm hoy s\u00e1bado 13 de agosto?Pues es un d\u00eda de playa en Benidorm.Sol brillando mucho. Calor importante.El termometro marca 30\u00baC.Las altas temperaturas quedan mitigadas al lado del mar.La playa est\u00e1 muy animada pero con una pega: hay bandera roja.Os pasamos una foto de la Playa de Benidorm tomada a las 12:15h.Un [&hellip;]","thumbnail_url":"http:\/\/1.bp.blogspot.com\/-JPoCIcbE4rM\/TkZTLJv6qVI\/AAAAAAAAA9M\/VDSHs1OB3hY\/s640\/playa+benidorm.jpg"}

Tiempo en Benidorm sábado 13 de agosto - Hotel El Palmeral

<blockquote class="wp-embedded-content" data-secret="JUiIZgiBn8"><a href="https://hotelpalmeral.com/fr/tiempo-en-benidorm-sabado-13-de-agosto/">Tiempo en Benidorm sábado 13 de agosto</a></blockquote><iframe sandbox="allow-scripts" security="restricted" src="https://hotelpalmeral.com/fr/tiempo-en-benidorm-sabado-13-de-agosto/embed/#?secret=JUiIZgiBn8" width="600" height="338" title="« Tiempo en Benidorm sábado 13 de agosto » &#8212; Hotel El Palmeral" data-secret="JUiIZgiBn8" frameborder="0" marginwidth="0" marginheight="0" scrolling="no" class="wp-embedded-content"></iframe><script type="text/javascript">
/* <![CDATA[ */
/*! This file is auto-generated */
!function(d,l){"use strict";l.querySelector&&d.addEventListener&&"undefined"!=typeof URL&&(d.wp=d.wp||{},d.wp.receiveEmbedMessage||(d.wp.receiveEmbedMessage=function(e){var t=e.data;if((t||t.secret||t.message||t.value)&&!/[^a-zA-Z0-9]/.test(t.secret)){for(var s,r,n,a=l.querySelectorAll('iframe[data-secret="'+t.secret+'"]'),o=l.querySelectorAll('blockquote[data-secret="'+t.secret+'"]'),c=new RegExp("^https?:$","i"),i=0;i<o.length;i++)o[i].style.display="none";for(i=0;i<a.length;i++)s=a[i],e.source===s.contentWindow&&(s.removeAttribute("style"),"height"===t.message?(1e3<(r=parseInt(t.value,10))?r=1e3:~~r<200&&(r=200),s.height=r):"link"===t.message&&(r=new URL(s.getAttribute("src")),n=new URL(t.value),c.test(n.protocol))&&n.host===r.host&&l.activeElement===s&&(d.top.location.href=t.value))}},d.addEventListener("message",d.wp.receiveEmbedMessage,!1),l.addEventListener("DOMContentLoaded",function(){for(var e,t,s=l.querySelectorAll("iframe.wp-embedded-content"),r=0;r<s.length;r++)(t=(e=s[r]).getAttribute("data-secret"))||(t=Math.random().toString(36).substring(2,12),e.src+="#?secret="+t,e.setAttribute("data-secret",t)),e.contentWindow.postMessage({message:"ready",secret:t},"*")},!1)))}(window,document);
//# sourceURL=https://hotelpalmeral.com/wp-includes/js/wp-embed.min.js
/* ]]> */
</script>

Qué tiempo hace en Benidorm hoy sábado 13 de agosto?Pues es un día de playa en Benidorm.Sol brillando mucho. Calor importante.El termometro marca 30ºC.Las altas temperaturas quedan mitigadas al lado del mar.La playa está muy animada pero con una pega: hay bandera roja.Os pasamos una foto de la Playa de Benidorm tomada a las 12:15h.Un [&hellip;]
