{"version":"1.0","provider_name":"Hotel El Palmeral","provider_url":"https:\/\/hotelpalmeral.com\/en","author_name":"admin_palmeral","author_url":"https:\/\/hotelpalmeral.com\/en\/author\/admin_palmeral\/","title":"Tiempo en Benidorm jueves 2 de agosto - Hotel El Palmeral","type":"rich","width":600,"height":338,"html":"<blockquote class=\"wp-embedded-content\" data-secret=\"gUqZ4bO0ju\"><a href=\"https:\/\/hotelpalmeral.com\/en\/tiempo-en-benidorm-jueves-2-de-agosto\/\">Tiempo en Benidorm jueves 2 de agosto<\/a><\/blockquote><iframe sandbox=\"allow-scripts\" security=\"restricted\" src=\"https:\/\/hotelpalmeral.com\/en\/tiempo-en-benidorm-jueves-2-de-agosto\/embed\/#?secret=gUqZ4bO0ju\" width=\"600\" height=\"338\" title=\"&#8220;Tiempo en Benidorm jueves 2 de agosto&#8221; &#8212; Hotel El Palmeral\" data-secret=\"gUqZ4bO0ju\" frameborder=\"0\" marginwidth=\"0\" marginheight=\"0\" scrolling=\"no\" class=\"wp-embedded-content\"><\/iframe><script type=\"text\/javascript\">\n\/* <![CDATA[ *\/\n\/*! This file is auto-generated *\/\n!function(d,l){\"use strict\";l.querySelector&&d.addEventListener&&\"undefined\"!=typeof URL&&(d.wp=d.wp||{},d.wp.receiveEmbedMessage||(d.wp.receiveEmbedMessage=function(e){var t=e.data;if((t||t.secret||t.message||t.value)&&!\/[^a-zA-Z0-9]\/.test(t.secret)){for(var s,r,n,a=l.querySelectorAll('iframe[data-secret=\"'+t.secret+'\"]'),o=l.querySelectorAll('blockquote[data-secret=\"'+t.secret+'\"]'),c=new RegExp(\"^https?:$\",\"i\"),i=0;i<o.length;i++)o[i].style.display=\"none\";for(i=0;i<a.length;i++)s=a[i],e.source===s.contentWindow&&(s.removeAttribute(\"style\"),\"height\"===t.message?(1e3<(r=parseInt(t.value,10))?r=1e3:~~r<200&&(r=200),s.height=r):\"link\"===t.message&&(r=new URL(s.getAttribute(\"src\")),n=new URL(t.value),c.test(n.protocol))&&n.host===r.host&&l.activeElement===s&&(d.top.location.href=t.value))}},d.addEventListener(\"message\",d.wp.receiveEmbedMessage,!1),l.addEventListener(\"DOMContentLoaded\",function(){for(var e,t,s=l.querySelectorAll(\"iframe.wp-embedded-content\"),r=0;r<s.length;r++)(t=(e=s[r]).getAttribute(\"data-secret\"))||(t=Math.random().toString(36).substring(2,12),e.src+=\"#?secret=\"+t,e.setAttribute(\"data-secret\",t)),e.contentWindow.postMessage({message:\"ready\",secret:t},\"*\")},!1)))}(window,document);\n\/\/# sourceURL=https:\/\/hotelpalmeral.com\/wp-includes\/js\/wp-embed.min.js\n\/* ]]> *\/\n<\/script>","description":"Hoy hace un d\u00eda, al menos en Benidorm, de mucho bochorno .Calor, calor y m\u00e1s calor.El termometro marca 32\u00baC pero la sensaci\u00f3n t\u00e9rmica es mucho mayor.El sol cae aplomo.En el lugar que mejor se est\u00e1 es en la playa.El mar est\u00e1 traqnuilo. Hay bandera verde.Os dejamos una foto de la playa reci\u00e9n tomado.Un saludo Hotel [&hellip;]","thumbnail_url":"http:\/\/4.bp.blogspot.com\/-p0YvjczSvaw\/UBqHJJvhs4I\/AAAAAAAAB0M\/a9SAKZbLzT4\/s200\/logo+xmas.png"}

Hoy hace un día, al menos en Benidorm, de mucho bochorno .Calor, calor y más calor.El termometro marca 32ºC pero la sensación térmica es mucho mayor.El sol cae aplomo.En el lugar que mejor se está es en la playa.El mar está traqnuilo. Hay bandera verde.Os dejamos una foto de la playa recién tomado.Un saludo Hotel [&hellip;]
