{"version":"1.0","provider_name":"Hotel El Palmeral","provider_url":"https:\/\/hotelpalmeral.com\/de","author_name":"admin_palmeral","author_url":"https:\/\/hotelpalmeral.com\/de\/author\/admin_palmeral\/","title":"Tiempo en Benidorm hoy s\u00e1bado 10 de agosto - Hotel El Palmeral","type":"rich","width":600,"height":338,"html":"<blockquote class=\"wp-embedded-content\" data-secret=\"hBOZthY4OP\"><a href=\"https:\/\/hotelpalmeral.com\/de\/tiempo-en-benidorm-hoy-sabado-10-de-agosto\/\">Tiempo en Benidorm hoy s\u00e1bado 10 de agosto<\/a><\/blockquote><iframe sandbox=\"allow-scripts\" security=\"restricted\" src=\"https:\/\/hotelpalmeral.com\/de\/tiempo-en-benidorm-hoy-sabado-10-de-agosto\/embed\/#?secret=hBOZthY4OP\" width=\"600\" height=\"338\" title=\"&#8222;Tiempo en Benidorm hoy s\u00e1bado 10 de agosto&#8220; &#8211; Hotel El Palmeral\" data-secret=\"hBOZthY4OP\" frameborder=\"0\" marginwidth=\"0\" marginheight=\"0\" scrolling=\"no\" class=\"wp-embedded-content\"><\/iframe><script type=\"text\/javascript\">\n\/* <![CDATA[ *\/\n\/*! This file is auto-generated *\/\n!function(d,l){\"use strict\";l.querySelector&&d.addEventListener&&\"undefined\"!=typeof URL&&(d.wp=d.wp||{},d.wp.receiveEmbedMessage||(d.wp.receiveEmbedMessage=function(e){var t=e.data;if((t||t.secret||t.message||t.value)&&!\/[^a-zA-Z0-9]\/.test(t.secret)){for(var s,r,n,a=l.querySelectorAll('iframe[data-secret=\"'+t.secret+'\"]'),o=l.querySelectorAll('blockquote[data-secret=\"'+t.secret+'\"]'),c=new RegExp(\"^https?:$\",\"i\"),i=0;i<o.length;i++)o[i].style.display=\"none\";for(i=0;i<a.length;i++)s=a[i],e.source===s.contentWindow&&(s.removeAttribute(\"style\"),\"height\"===t.message?(1e3<(r=parseInt(t.value,10))?r=1e3:~~r<200&&(r=200),s.height=r):\"link\"===t.message&&(r=new URL(s.getAttribute(\"src\")),n=new URL(t.value),c.test(n.protocol))&&n.host===r.host&&l.activeElement===s&&(d.top.location.href=t.value))}},d.addEventListener(\"message\",d.wp.receiveEmbedMessage,!1),l.addEventListener(\"DOMContentLoaded\",function(){for(var e,t,s=l.querySelectorAll(\"iframe.wp-embedded-content\"),r=0;r<s.length;r++)(t=(e=s[r]).getAttribute(\"data-secret\"))||(t=Math.random().toString(36).substring(2,12),e.src+=\"#?secret=\"+t,e.setAttribute(\"data-secret\",t)),e.contentWindow.postMessage({message:\"ready\",secret:t},\"*\")},!1)))}(window,document);\n\/\/# sourceURL=https:\/\/hotelpalmeral.com\/wp-includes\/js\/wp-embed.min.js\n\/* ]]> *\/\n<\/script>","description":"Buenos d\u00edas desde BenidormOtro d\u00eda m\u00e1s de calor.Sol fuera. Cielo despejados.M\u00e1s de 30\u00baC.D\u00f3nde est\u00e1 escondido el mes de septiembre? En Benidorm desde luego no.Bandera verde en la playa.Un saludo Hotel El Palmeral, Hotel Benidormwww.hotelpalmeral.comTelf.: 965 850 176","thumbnail_url":"http:\/\/2.bp.blogspot.com\/-xeULiznU5yA\/TmtG8U7b0dI\/AAAAAAAAA-8\/nXML4Byh_Nw\/s320\/10092011.jpg"}

Tiempo en Benidorm hoy sábado 10 de agosto - Hotel El Palmeral

<blockquote class="wp-embedded-content" data-secret="hBOZthY4OP"><a href="https://hotelpalmeral.com/de/tiempo-en-benidorm-hoy-sabado-10-de-agosto/">Tiempo en Benidorm hoy sábado 10 de agosto</a></blockquote><iframe sandbox="allow-scripts" security="restricted" src="https://hotelpalmeral.com/de/tiempo-en-benidorm-hoy-sabado-10-de-agosto/embed/#?secret=hBOZthY4OP" width="600" height="338" title="&#8222;Tiempo en Benidorm hoy sábado 10 de agosto&#8220; &#8211; Hotel El Palmeral" data-secret="hBOZthY4OP" frameborder="0" marginwidth="0" marginheight="0" scrolling="no" class="wp-embedded-content"></iframe><script type="text/javascript">
/* <![CDATA[ */
/*! This file is auto-generated */
!function(d,l){"use strict";l.querySelector&&d.addEventListener&&"undefined"!=typeof URL&&(d.wp=d.wp||{},d.wp.receiveEmbedMessage||(d.wp.receiveEmbedMessage=function(e){var t=e.data;if((t||t.secret||t.message||t.value)&&!/[^a-zA-Z0-9]/.test(t.secret)){for(var s,r,n,a=l.querySelectorAll('iframe[data-secret="'+t.secret+'"]'),o=l.querySelectorAll('blockquote[data-secret="'+t.secret+'"]'),c=new RegExp("^https?:$","i"),i=0;i<o.length;i++)o[i].style.display="none";for(i=0;i<a.length;i++)s=a[i],e.source===s.contentWindow&&(s.removeAttribute("style"),"height"===t.message?(1e3<(r=parseInt(t.value,10))?r=1e3:~~r<200&&(r=200),s.height=r):"link"===t.message&&(r=new URL(s.getAttribute("src")),n=new URL(t.value),c.test(n.protocol))&&n.host===r.host&&l.activeElement===s&&(d.top.location.href=t.value))}},d.addEventListener("message",d.wp.receiveEmbedMessage,!1),l.addEventListener("DOMContentLoaded",function(){for(var e,t,s=l.querySelectorAll("iframe.wp-embedded-content"),r=0;r<s.length;r++)(t=(e=s[r]).getAttribute("data-secret"))||(t=Math.random().toString(36).substring(2,12),e.src+="#?secret="+t,e.setAttribute("data-secret",t)),e.contentWindow.postMessage({message:"ready",secret:t},"*")},!1)))}(window,document);
//# sourceURL=https://hotelpalmeral.com/wp-includes/js/wp-embed.min.js
/* ]]> */
</script>

Buenos días desde BenidormOtro día más de calor.Sol fuera. Cielo despejados.Más de 30ºC.Dónde está escondido el mes de septiembre? En Benidorm desde luego no.Bandera verde en la playa.Un saludo Hotel El Palmeral, Hotel Benidormwww.hotelpalmeral.comTelf.: 965 850 176
