{"version":"1.0","provider_name":"Hotel El Palmeral","provider_url":"https:\/\/hotelpalmeral.com\/de","author_name":"admin_palmeral","author_url":"https:\/\/hotelpalmeral.com\/de\/author\/admin_palmeral\/","title":"Tiempo en Benidorm hoy lmartes 2 de agosto - Hotel El Palmeral","type":"rich","width":600,"height":338,"html":"<blockquote class=\"wp-embedded-content\" data-secret=\"1ZWtNieDk8\"><a href=\"https:\/\/hotelpalmeral.com\/de\/tiempo-en-benidorm-hoy-lmartes-2-de-agosto\/\">Tiempo en Benidorm hoy lmartes 2 de agosto<\/a><\/blockquote><iframe sandbox=\"allow-scripts\" security=\"restricted\" src=\"https:\/\/hotelpalmeral.com\/de\/tiempo-en-benidorm-hoy-lmartes-2-de-agosto\/embed\/#?secret=1ZWtNieDk8\" width=\"600\" height=\"338\" title=\"&#8222;Tiempo en Benidorm hoy lmartes 2 de agosto&#8220; &#8211; Hotel El Palmeral\" data-secret=\"1ZWtNieDk8\" frameborder=\"0\" marginwidth=\"0\" marginheight=\"0\" scrolling=\"no\" class=\"wp-embedded-content\"><\/iframe><script type=\"text\/javascript\">\n\/* <![CDATA[ *\/\n\/*! This file is auto-generated *\/\n!function(d,l){\"use strict\";l.querySelector&&d.addEventListener&&\"undefined\"!=typeof URL&&(d.wp=d.wp||{},d.wp.receiveEmbedMessage||(d.wp.receiveEmbedMessage=function(e){var t=e.data;if((t||t.secret||t.message||t.value)&&!\/[^a-zA-Z0-9]\/.test(t.secret)){for(var s,r,n,a=l.querySelectorAll('iframe[data-secret=\"'+t.secret+'\"]'),o=l.querySelectorAll('blockquote[data-secret=\"'+t.secret+'\"]'),c=new RegExp(\"^https?:$\",\"i\"),i=0;i<o.length;i++)o[i].style.display=\"none\";for(i=0;i<a.length;i++)s=a[i],e.source===s.contentWindow&&(s.removeAttribute(\"style\"),\"height\"===t.message?(1e3<(r=parseInt(t.value,10))?r=1e3:~~r<200&&(r=200),s.height=r):\"link\"===t.message&&(r=new URL(s.getAttribute(\"src\")),n=new URL(t.value),c.test(n.protocol))&&n.host===r.host&&l.activeElement===s&&(d.top.location.href=t.value))}},d.addEventListener(\"message\",d.wp.receiveEmbedMessage,!1),l.addEventListener(\"DOMContentLoaded\",function(){for(var e,t,s=l.querySelectorAll(\"iframe.wp-embedded-content\"),r=0;r<s.length;r++)(t=(e=s[r]).getAttribute(\"data-secret\"))||(t=Math.random().toString(36).substring(2,12),e.src+=\"#?secret=\"+t,e.setAttribute(\"data-secret\",t)),e.contentWindow.postMessage({message:\"ready\",secret:t},\"*\")},!1)))}(window,document);\n\/\/# sourceURL=https:\/\/hotelpalmeral.com\/wp-includes\/js\/wp-embed.min.js\n\/* ]]> *\/\n<\/script>","description":"Buenos d\u00edas a todos desde Benidorm.Como todos los d\u00edas, os hablamos del tiempo que tenemso hoy en Benidorm.Hoy es un d\u00eda poco t\u00edpico de agosto.En la playa ets\u00e1 despejado pero el sol brilla poco y por las monta\u00f1as hay bastante nube.Hay bastante viento en la playa.Esto hace que en la playa no se note el [&hellip;]","thumbnail_url":"http:\/\/3.bp.blogspot.com\/-s2msb0kah-c\/TjfsvL7rPTI\/AAAAAAAAA8c\/3PwdNjsuZR8\/s320\/playa+benidorm.jpg"}

Buenos días a todos desde Benidorm.Como todos los días, os hablamos del tiempo que tenemso hoy en Benidorm.Hoy es un día poco típico de agosto.En la playa etsá despejado pero el sol brilla poco y por las montañas hay bastante nube.Hay bastante viento en la playa.Esto hace que en la playa no se note el [&hellip;]
